 common divisor of 77374668 and 3248.
812
Calculate the highest common factor of 2754 and 123138.
18
Calculate the highest common divisor of 10661435 and 7860.
655
Calculate the highest common divisor of 4347129 and 418689.
5169
What is the highest common factor of 756 and 58142?
14
Calculate the highest common factor of 3612 and 2493183.
903
Calculate the greatest common factor of 995904 and 11102.
182
Calculate the highest common factor of 1449264696 and 11.
11
What is the highest common factor of 1628349488 and 51?
17
Calculate the greatest common factor of 58294821 and 975.
39
Calculate the greatest common divisor of 162448 and 86218.
22
What is the greatest common factor of 819433 and 159?
53
Calculate the highest common divisor of 195491 and 209.
19
What is the greatest common divisor of 3404 and 230288?
148
Calculate the greatest common factor of 1071 and 39687741.
153
What is the highest common factor of 569 and 70852449?
569
What is the greatest common divisor of 125 and 8054875?
125
Calculate the highest common factor of 27752300 and 191.
191
What is the highest common divisor of 8510 and 13620830?
230
Calculate the greatest common divisor of 1859 and 83644.
11
Calculate the greatest common divisor of 17667 and 65018637.
1359
What is the greatest common divisor of 69023 and 11293?
23
Calculate the highest common factor of 8368 and 2459146.
1046
What is the greatest common divisor of 10337240 and 68704?
904
What is the greatest common divisor of 6600 and 2044245?
15
What is the highest common factor of 46475202 and 2864?
358
Calculate the highest common divisor of 15 and 15162285.
15
Calculate the highest common factor of 1261 and 6564532.
13
Calculate the greatest common divisor of 17110746 and 144.
18
What is the greatest common divisor of 144698397 and 1419?
129
What is the highest common factor of 45855 and 36495?
45
Calculate the greatest common factor of 58856468 and 176.
44
What is the greatest common factor of 195413287 and 11422?
5711
Calculate the greatest common factor of 23398521 and 36363.
2139
What is the greatest common factor of 56 and 8014972?
28
Calculate the highest common factor of 2938 and 1379599.
13
Calculate the greatest common divisor of 403 and 3731339924.
403
Calculate the highest common divisor of 7824 and 177648.
48
What is the highest common factor of 104795078 and 2606?
2606
What is the greatest common divisor of 204 and 2110164?
12
Calculate the highest common divisor of 23679486 and 406.
58
Calculate the highest common divisor of 200 and 4895164.
4
Calculate the greatest common factor of 9593 and 30668097.
181
What is the highest common divisor of 402792 and 35256?
312
What is the greatest common factor of 647337040 and 28?
28
What is the greatest common divisor of 297385240 and 63935?
3365
Calculate the greatest common divisor of 29 and 13077405.
29
What is the highest common factor of 197076 and 1485?
33
What is the highest common factor of 7362 and 13224606?
2454
What is the highest common factor of 3504987 and 741?
57
Calculate the highest common divisor of 97 and 312977193.
97
What is the greatest common factor of 1000 and 371246600?
200
What is the highest common factor of 15066 and 9047970?
1674
What is the greatest common factor of 350448595 and 7910?
3955
What is the highest common factor of 2344907 and 1337?
191
What is the highest common factor of 498913 and 54282?
83
Calculate the greatest common divisor of 214537659 and 21.
21
Calculate the highest common factor of 927697251 and 39.
39
What is the highest common divisor of 303 and 830982?
3
What is the greatest common divisor of 13 and 1219101650?
13
Calculate the greatest common factor of 1936 and 841808.
176
What is the highest common factor of 66006 and 3439?
19
What is the greatest common divisor of 622 and 67198392?
622
What is the greatest common factor of 222420 and 236574?
2022
Calculate the greatest common factor of 3850262 and 65.
13
Calculate the greatest common factor of 1811 and 211443305.
1811
Calculate the highest common factor of 5385 and 14160.
15
Calculate the greatest common divisor of 2452787 and 13091.
53
Calculate the greatest common divisor of 1020734 and 166.
166
Calculate the greatest common divisor of 1207278 and 46926.
4266
What is the greatest common divisor of 8002579 and 3393?
377
Calculate the greatest common divisor of 19410666 and 495.
33
What is the highest common factor of 252 and 35446068?
252
Calculate the highest common factor of 84 and 1607529.
21
Calculate the greatest common factor of 570 and 53316060.
30
What is the greatest common divisor of 8974185 and 300?
15
Calculate the highest common divisor of 62748431 and 114.
19
What is the highest common factor of 114 and 133741?
19
What is the greatest common divisor of 191807 and 19129?
517
Calculate the highest common factor of 10736961 and 2667.
381
What is the greatest common factor of 815515 and 931465?
3865
Calculate the greatest common factor of 1371 and 6563891.
457
Calculate the highest common factor of 2855167 and 476.
119
What is the highest common factor of 89927544 and 7056?
1176
Calculate the highest common factor of 82968732 and 631272.
10884
Calculate the highest common divisor of 118570496 and 2276.
2276
Calculate the greatest common divisor of 2219827 and 361.
19
What is the highest common factor of 9174 and 12000426?
834
Calculate the highest common divisor of 65700 and 229860.
180
Calculate the highest common factor of 323557 and 3614.
13
What is the greatest common divisor of 882805 and 555170?
385
What is the greatest common factor of 12760 and 2161720?
440
What is the highest common divisor of 661193 and 1155323?
2353
Calculate the greatest common divisor of 5314 and 24974.
2
Calculate the greatest common factor of 509642 and 64904.
14
What is the greatest common divisor of 1116 and 613530?
18
What is the greatest common divisor of 85887 and 40041?
27
What is the highest common factor of 120 and 205020520?
40
Calculate the highest common divisor of 540 and 10050490.
10
What is the greatest common factor of 2242625 and 5565?
35
What is the greatest common divisor of 34877365 and 89520?
1865
What is the highest common factor of 11999 and 48773231?
169
Calculate the greatest common factor of 25967 and 275476.
1129
Calculate the highest common divisor of 76664 and 5446.
14
What is the greatest common divisor of 82717 and 299917?
181
What is the highest common factor of 40442 and 62707?
73
What is the highest common factor of 10808 and 9793592?
1544
Calculate the greatest common divisor of 247 and 22390654.
13
What is the highest common factor of 2870724 and 2108?
124
Calculate the highest common divisor of 27930 and 16245.
285
What is the greatest common factor of 164 and 34049229?
41
Calculate the highest common factor of 711662250 and 25.
25
Calculate the highest common divisor of 802368 and 471033.
1791
What is the greatest common factor of 14996 and 713?
23
What is the highest common divisor of 44649 and 3888153?
369
What is the highest common factor of 10353085 and 7565?
85
Calculate the highest common divisor of 23294 and 69825.
19
Calculate the highest common factor of 1064057 and 1159.
19
Calculate the highest common factor of 818552 and 457216.
376
What is the greatest common divisor of 22707363 and 147?
21
What is the greatest common factor of 3346625360 and 1040?
1040
Calculate the greatest common factor of 41153710 and 78.
26
Calculate the greatest common divisor of 41069 and 66857.
7
What is the highest common divisor of 203058 and 107557722?
7002
What is the greatest common divisor of 7326 and 1213344?
198
What is the highest common factor of 39610467 and 85839?
1209
Calculate the highest common factor of 20 and 2360860.
20
What is the highest common factor of 153 and 1510885557?
153
Calculate the highest common factor of 4546 and 11390003.
2273
What is the greatest common factor of 1700 and 18730600?
1700
What is the highest common divisor of 1823910 and 20790?
330
What is the highest common divisor of 13978 and 246784?
482
Calculate the highest common divisor of 16211 and 29008187.
559
Calculate the highest common factor of 552485152 and 1.
1
Calculate the highest common divisor of 85 and 832555790.
85
Calculate t